?
25
What is the value of 25 - ((-15 - 0) + -162 + 166)?
36
What is the value of -2 + -4 + 32 + -27 + -10 - 7?
-18
What is the value of 8 - (4 + -11 + 13 + -26 - -1)?
27
Evaluate 12 - ((10 - -22) + -2 + 33).
-51
Evaluate 3 + (-7 + (10 - 11) - (8 + -8)).
-5
Calculate 5 + 31 + -17 - (50 + -21).
-10
What is the value of -13 - (-4 + 11) - 2 - 17 - 12?
-51
Evaluate 4 + 10 + -29 + 22 + -29.
-22
What is 143 - (92 + -32 + 22)?
61
33 + -22 + -14 + 64 + (-4 - (-9 + -8))
74
Calculate -133 + (140 - (1 - 20)).
26
What is the value of -16 + (-34 - (-24 - (20 + -28)))?
-34
Evaluate 31 - (-92 + 138) - -51.
36
Calculate 29 + (28 - (0 + 15)).
42
Evaluate -66 + 52 + 139 - 275.
-150
What is 7319 + -7350 + -18 + (0 - 1)?
-50
What is 29 - 26 - (8 - 35) - -12?
42
Evaluate 28 + 1 + 2 + -4 + -2 + -21 + 31.
35
Evaluate (10 + -4 + 0 + -4 - 127) + (45 - 36).
-116
What is the value of -27 + -39 + -106 - (-34 - 14)?
-124
37 - (-4 - -12) - (-215 - -214)
30
Evaluate 7 - ((9 + 1 - (9 + -3)) + 23 + -20).
0
Evaluate -3678 - -3659 - (-1 - 38).
20
What is the value of 4 + 6 - -4 - (11 + -7 - -1)?
9
Evaluate (3 - 3) + 30 - (3542 + -3618).
106
-6 + (20 + -28 - 41) + 19
-36
What is (-1 + -1 + 70 - 12) + (1 + -7 - -4)?
54
What is -11 + -1 + 4 + (15 - (38 - 111))?
80
What is the value of (-1 - -54) + (-15 - 1 - (43 - 128 - -66))?
56
Calculate -7 - (9 + (-93 - (13 + (-1 - -11 - 9)))).
91
Calculate ((0 - 4) + 6 - (8 + 0)) + (-2047 - -2154).
101
Calculate -4 + 1 + (-27 - (9 + -2 + -15)).
-22
What is -24712 - -24732 - (1 + 0)?
19
-49 + (-61 + 9 - -120)
19
What is (-11 + -5 + 14 - (-97 - -1)) + (-171 - -168)?
91
Calculate (32 - 48) + 1 + 0 + -20.
-35
What is -1 + -34 + -1197 + 1167?
-65
-12 + -7 + -2 - (-18 + -24)
21
Evaluate 292 + -271 + 6 + 1 + 8.
36
Calculate -58 - (14 - (9 + (-24 - -2) + 6)).
-79
What is -92 - (-34 - -30 - 72)?
-16
Calculate (-128 - -101 - (1 - 33)) + -63.
-58
Calculate -5 + 147 + -72 - 97.
-27
What is -23 + 26 + 24 + -3 + (3 + -5 - 1)?
21
Calculate (1 - -51 - (-167 + 154)) + -7 + -1.
57
What is -12 - (109 + -143 - 18)?
40
Evaluate (0 + 11 - 31) + 74 - 14.
40
19 + 10 - (-2 - 2) - 1 - (3 + -1)
30
Calculate (3 - 0) + -1 - (51 - (76 - 38)).
-11
What is the value of (-32 - 14 - -21) + 21?
-4
What is -106 - (-93 - (87 - 107))?
-33
Evaluate 84 - (-84 + 208) - (6 - -1).
-47
What is 5 + -33 - (-217 + 217)?
-28
(64 - 0) + (966 - 1023)
7
Evaluate 38 + (-25 - 42) - (-1 + -7 + -1 + -2).
-18
Evaluate -6 + 1 + -27 + 111 + -16.
63
Evaluate 77 + 2 + -712 + 700.
67
Calculate -18 + 0 + -1 + -14 + 34 + -22.
-21
What is 58 + -48 + -121 - (-1 + -12 - -3)?
-101
Evaluate 14 - (3 + -20 + 34 + 7 + 8).
-18
Calculate -1 + 13 - (282 + -123 - 101).
-46
What is the value of (-100 - -251 - 86) + (-16 - (0 + -1)) + 8?
58
Evaluate (-76 + 72 - (9 + -6 - 6)) + 85.
84
What is the value of 65 - (231 - 199 - (56 - -2))?
91
Calculate 36 + (0 + -34 - (16 - -36)).
-50
Calculate -118 + -4 + 15 + (6 - 36) + 20.
-117
What is the value of 27 + -33 + -22 - (7 + (1 + 2 - 0))?
-38
Evaluate -53 + 5 + -19 + 16 + 15 - 3.
-39
Calculate (0 - -9) + -49 - (-46 + 76).
-70
What is the value of 48 - 64 - 11 - -12?
-15
What is the value of (23 - (-8 + (-38 - -32))) + -16?
21
-29 - (7 - -29) - -35
-30
Evaluate 19 + 5 - -3 - (11 + 58).
-42
What is (183 - 153) + (-126 - (2 + -7))?
-91
What is 7 - (-23 - (-15 + -14 + 33))?
34
What is the value of (3 - 3 - (7 - 10)) + -147 + 154?
10
What is the value of -52 + 34 + (-4 - -25) + 36?
39
(27 - (8 + (16 - -14))) + -48
-59
(1 - -42) + -1878 + 1854
19
What is the value of (9 - -9) + -13 - 32 - 29?
-56
What is (-129 - 17) + (66 - -11)?
-69
33 + -45 + 63 + -55
-4
What is (-3 - -5) + 14 + 44 + 68 + -23?
105
Calculate -19 - (-11 + (-5 - -20) + 15).
-38
Evaluate (-84 - (-91 + -49)) + -18.
38
What is 5 + 3 + 23 + 10 + (-2 - 1)?
38
(-8 - -11 - (-2 + 3)) + 4 - (-11 - -10)
7
-56 + -92 + 13 + -9
-144
71 + -67 + (-56 - -112)
60
What is -26 - ((23 - (1 - -1)) + -2020 + 1902)?
71
-1467 + 1462 + (-29 - -1) + -2
-35
What is 4 - 49 - -42 - 63?
-66
What is the value of 38 + -2 + -35 + -1 + 38?
38
What is 5 - (7 - 14) - (-4 + -18)?
34
Evaluate 0 + -1 + 60 + (-9477 - -9470).
52
Calculate -52 + 48 + 27 - -11.
34
What is 51 - (-21 + 44) - -35?
63
What is the value of -1 - 1 - -3 - (-13 - (-16 + 1 + 14))?
13
(361 - 371 - (63 + (-1 - -1)) - -7) + 5
-61
Evaluate (185 - 189) + -13 + 5 + 19.
7
Evaluate 2 + -1 + 1 - (36 - (41 + 36) - -21).
22
Evaluate -44 + 10 + -4 + (91 - 75).
-22
What is 23 + (-10 - (1 + -6 - -9)) + 0 + 43?
52
Calculate (-6 - (2 - 7)) + -13 - (-915 - -914).
-13
What is the value of 73 + (-29 + 21 - ((-7 - (-9 + 9)) + 1))?
71
Calculate -1 + (-11 - 1) + (41 + -53 - -23) + -120.
-122
(-11851 - -11668) + (86 - -1)
-96
What is (-10 - ((-4 - -2) + 4) - 2) + (-240 - -248)?
-6
Evaluate -29 + 65 + (78 - 75).
39
Calculate 1 + -21 - ((-151 - -176) + (-16 - 20)).
-9
Calculate 171 + (98 - 253) + -23 + 0.
-7
Calculate 10 + -9 + (10 - 9 - 13) + 11.
0
What is the value of 120 - 65 - 137 - (5 + -15)?
-72
Calculate (-7 - -36) + -3 + -11 - 1.
14
What is the value of 0 - -5 - (-46 + 35 - (-1 - 21))?
-6
What is the value of (-32 - -47) + -23 + 7?
-1
What is the value of -27 - (-11 - (-36 + 14) - 30)?
-8
What is -182 - (93 - 232) - (-1 - -1 - -23)?
-66
What is the value of -41 + -15 + 39 + -7 + 75?
51
What is the value of -12 - (19 - 13) - 80 - 47?
-145
Evaluate -6 + (89 + -13 - 9) + -19.
42
What is the value of 23 - (25 + -77 + 13 + 19 + -94)?
137
18 + -37 + (16 - -4) + 16 + 3 + -4
16
What is 111 + -106 - (2 + (1 - 69) + -21 + 18)?
74
What is (-1 - 7) + (-37 - -20 - 16)?
-41
(185 + -186 - (0 - 0) - -5) + 46
50
Calculate -1 + 8 + 4334 + -4319.
22
What is the value of 35 + 7 + 6 - 10 - (0 - 10)?
48
Calculate (-55 + 28 - -41) + (3 - -4).
21
What is 52 - 49 - (1 + -18) - (3 + 7)?
10
(-29 + (1 - 2) - -4) + -317 + 309
-34
(27 - 6) + -49 + 86
58
Calculate -3 - (-104 - (-67 - -19) - (13 + -1)).
65
What is the value of -36 + 18 + 9 - (39 + -40) - -49?
41
What is the value of 43 + (-3 - (21 - (-9 - -11)))?
21
Evaluate (-47 - (42 + -85)) + 0.
-4
(-21 - -49) + (14 - 9) + -6
27
What is 102 + -147 + -10 + -21?
-76
What is the value of (1 - 87 - (61 - 80)) + -9 + -18?
-94
Calculate 122 + (17 - 35) + 13 + -10.
107
Evaluate -126 - -120 - (4 + 57).
-67
-21 - ((2 - -30) + (-679 - -720))
-94
Calculate -5 + -5 - (-6 + -35).
31
Calculate -15 - (5 - -1) - -20 - (-2 + -2 - 4).
7
Calculate -88 + 141 + -58 + -3 + -13.
-21
Evaluate (1 - 0) + 15 - (79 - (-16 - -87)).
8
What is (-227 - -196) + -2 + (-19 - -134)?
82
Calculate (7 + 8 - -11) + (150 - 173).
3
What is -111 - -8 - (39 + -58 - (-1 - -2))?
-83
What is the value of -106 + (38 + -38 - -45) + -15?
-76
Calculate -65 - (-29 + -69 + 1).
32
What is 1 + -5 - (34 + 24 + -12 + 7)?
-57
28 - (-307 - -268 - (14 + 0))
81
What is (2 - (10 - -6)) + (-3 - (3 - -56)) - -13?
-63
What is the value of (-8 + 40 - 13) + -6 - (21 + 35)?
-43
What is (4 - -24) + (-5 - (-14 + 14) - -15)?
38
What is the value of -6 - -125 - 10 - 29?
80
Evaluate 77 + (-55 - 15) + 49.
56
Calculate -572 + 475 + 4 + (29 - 9).
-73
What is (13 - -1) + (371 - 422) + (133 - 3)?
93
What is the value of -32 - (11 + 9 + -64)?
12
Evaluate -84 - (-13 + (-13 - (16 - 27)) - -34).
-103
What is (-5 - (19 - 36)) + (-2 + 2 + -4 - -61)?
69
What is (9 - 14) + 4 + -119 - (33 - (-13 + 37))?
-129
What is the value of 0 + 11 + 4 + (-7 - -10) + (-20 - -14)?
12
Evaluate (-25 - (8 + 1)) + -24 + 50 + -42.
-50
Evaluate (-171 - 4) + (2640 - 2587).
-122
9 + 1 + 4 + (15 - 8)
21
Calculate (-6 - (146 - 11)) + 200.
59
What is -9 - (-8 - (-8 - 26)) - (-16 - (-4 - 6))?
-29
(-181 - -183) + -4 + (2 - -2 - 41)
-39
Calculate 165 + (-118 - -54) + -62.
39
What is the value of -5 + (19 - -1) + -30 + -6?
-21
(12 - 0 - (51 + -42)) + -4 - 4
-5
Calculate -27 + 1 - (-187 - (-21 + -84)).
56
What is the value of 619 - 622 - (8 - 9 - (-11 - -1))?
-12
What is the value of 2 + (-16 - (3 + -2)) - (7736 + -7742)?
-9
8 - -13 - 20 - 15 - -64
50
-28 + (-30 + -20 - -93)
15
What is the value of -56 + 2 + (8 - (11 + -8 - -3))?
-52
What is the value of 185 - (48 + 67) - 35?
35
What is the value of (-11 - (-1 - 2)) + (-70 - -34) + 77?
33
What is the value of -9 - (5 + -19 + 15 + (0 - 12)) - -104?
106
Evaluate 121 - 108 - (162 + 3 + -15).
-137
What is the value of -40 - (32 + -21 + 0 - 27)?